{"version":"1.0","provider_name":"EAMS Industrie","provider_url":"https:\/\/www.eams-industrie.com\/pl","title":"Quimper. Les mastodontes d\u2019EAMS Industrie ont pris la direction de l\u2019Autriche - EAMS Industrie","type":"rich","width":600,"height":338,"html":"<blockquote class=\"wp-embedded-content\" data-secret=\"WRQR745lN9\"><a href=\"https:\/\/www.eams-industrie.com\/pl\/presse\/quimper-les-mastodontes-deams-industrie-ont-pris-la-direction-de-lautriche\/\">Quimper. Behemoty EAMS Industrie zmierzaj\u0105 do Austrii<\/a><\/blockquote><iframe sandbox=\"allow-scripts\" security=\"restricted\" src=\"https:\/\/www.eams-industrie.com\/pl\/presse\/quimper-les-mastodontes-deams-industrie-ont-pris-la-direction-de-lautriche\/embed\/#?secret=WRQR745lN9\" width=\"600\" height=\"338\" title=\"&#8222;Quimper. Les mastodontes d\u2019EAMS Industrie ont pris la direction de l\u2019Autriche&#8221; &#8212; EAMS Industrie\" data-secret=\"WRQR745lN9\" frameborder=\"0\" marginwidth=\"0\" marginheight=\"0\" scrolling=\"no\" class=\"wp-embedded-content\"><\/iframe><script>\n\/*! This file is auto-generated *\/\n!function(d,l){\"use strict\";l.querySelector&&d.addEventListener&&\"undefined\"!=typeof URL&&(d.wp=d.wp||{},d.wp.receiveEmbedMessage||(d.wp.receiveEmbedMessage=function(e){var t=e.data;if((t||t.secret||t.message||t.value)&&!\/[^a-zA-Z0-9]\/.test(t.secret)){for(var s,r,n,a=l.querySelectorAll('iframe[data-secret=\"'+t.secret+'\"]'),o=l.querySelectorAll('blockquote[data-secret=\"'+t.secret+'\"]'),c=new RegExp(\"^https?:$\",\"i\"),i=0;i<o.length;i++)o[i].style.display=\"none\";for(i=0;i<a.length;i++)s=a[i],e.source===s.contentWindow&&(s.removeAttribute(\"style\"),\"height\"===t.message?(1e3<(r=parseInt(t.value,10))?r=1e3:~~r<200&&(r=200),s.height=r):\"link\"===t.message&&(r=new URL(s.getAttribute(\"src\")),n=new URL(t.value),c.test(n.protocol))&&n.host===r.host&&l.activeElement===s&&(d.top.location.href=t.value))}},d.addEventListener(\"message\",d.wp.receiveEmbedMessage,!1),l.addEventListener(\"DOMContentLoaded\",function(){for(var e,t,s=l.querySelectorAll(\"iframe.wp-embedded-content\"),r=0;r<s.length;r++)(t=(e=s[r]).getAttribute(\"data-secret\"))||(t=Math.random().toString(36).substring(2,12),e.src+=\"#?secret=\"+t,e.setAttribute(\"data-secret\",t)),e.contentWindow.postMessage({message:\"ready\",secret:t},\"*\")},!1)))}(window,document);\n\/\/# sourceURL=https:\/\/www.eams-industrie.com\/wp-includes\/js\/wp-embed.min.js\n<\/script>","thumbnail_url":"https:\/\/www.eams-industrie.com\/wp-content\/uploads\/2016\/12\/quimper-export-autriche-1.png","thumbnail_width":1200,"thumbnail_height":900,"description":"Un convoi exceptionnel est parti ce lundi 7 mars, \u00e0 17 h, de l\u2019usine EAMS Industrie, sp\u00e9cialiste dans la fabrication de lignes de pr\u00e9paration industrielle de l\u00e9gumes, \u00e0 Quimper (Finist\u00e8re). Ce sont au total plus de 25 tonnes d\u2019acier et de PVC qui vont sillonner les routes pour une arriv\u00e9e pr\u00e9vue vendredi en Autriche, dans [&hellip;]"}

<blockquote class="wp-embedded-content" data-secret="WRQR745lN9"><a href="https://www.eams-industrie.com/pl/presse/quimper-les-mastodontes-deams-industrie-ont-pris-la-direction-de-lautriche/">Quimper. Behemoty EAMS Industrie zmierzają do Austrii</a></blockquote><iframe sandbox="allow-scripts" security="restricted" src="https://www.eams-industrie.com/pl/presse/quimper-les-mastodontes-deams-industrie-ont-pris-la-direction-de-lautriche/embed/#?secret=WRQR745lN9" width="600" height="338" title="&#8222;Quimper. Les mastodontes d’EAMS Industrie ont pris la direction de l’Autriche&#8221; &#8212; EAMS Industrie" data-secret="WRQR745lN9" frameborder="0" marginwidth="0" marginheight="0" scrolling="no" class="wp-embedded-content"></iframe><script>
/*! This file is auto-generated */
!function(d,l){"use strict";l.querySelector&&d.addEventListener&&"undefined"!=typeof URL&&(d.wp=d.wp||{},d.wp.receiveEmbedMessage||(d.wp.receiveEmbedMessage=function(e){var t=e.data;if((t||t.secret||t.message||t.value)&&!/[^a-zA-Z0-9]/.test(t.secret)){for(var s,r,n,a=l.querySelectorAll('iframe[data-secret="'+t.secret+'"]'),o=l.querySelectorAll('blockquote[data-secret="'+t.secret+'"]'),c=new RegExp("^https?:$","i"),i=0;i<o.length;i++)o[i].style.display="none";for(i=0;i<a.length;i++)s=a[i],e.source===s.contentWindow&&(s.removeAttribute("style"),"height"===t.message?(1e3<(r=parseInt(t.value,10))?r=1e3:~~r<200&&(r=200),s.height=r):"link"===t.message&&(r=new URL(s.getAttribute("src")),n=new URL(t.value),c.test(n.protocol))&&n.host===r.host&&l.activeElement===s&&(d.top.location.href=t.value))}},d.addEventListener("message",d.wp.receiveEmbedMessage,!1),l.addEventListener("DOMContentLoaded",function(){for(var e,t,s=l.querySelectorAll("iframe.wp-embedded-content"),r=0;r<s.length;r++)(t=(e=s[r]).getAttribute("data-secret"))||(t=Math.random().toString(36).substring(2,12),e.src+="#?secret="+t,e.setAttribute("data-secret",t)),e.contentWindow.postMessage({message:"ready",secret:t},"*")},!1)))}(window,document);
//# sourceURL=https://www.eams-industrie.com/wp-includes/js/wp-embed.min.js
</script>

Un convoi exceptionnel est parti ce lundi 7 mars, à 17 h, de l’usine EAMS Industrie, spécialiste dans la fabrication de lignes de préparation industrielle de légumes, à Quimper (Finistère). Ce sont au total plus de 25 tonnes d’acier et de PVC qui vont sillonner les routes pour une arrivée prévue vendredi en Autriche, dans [&hellip;]
